{"id":5856,"date":"2023-09-05T06:44:15","date_gmt":"2023-09-05T03:44:15","guid":{"rendered":"https:\/\/store.visasconcept.com\/?post_type=product&#038;p=5856"},"modified":"2023-09-05T06:44:35","modified_gmt":"2023-09-05T03:44:35","slug":"emrullah-cavic-ozel-siparis","status":"publish","type":"product","link":"https:\/\/store.visasconcept.com\/index.php\/urun\/emrullah-cavic-ozel-siparis\/","title":{"rendered":"EMRULLAH CAV\u0130C \u00d6ZEL S\u0130PAR\u0130\u015e"},"content":{"rendered":"<p>RES\u0130MDE G\u00d6R\u00dcLEN AYNUR MUTFAK<\/p>\n<p>RES\u0130MDE G\u00d6R\u00dcLEN \u00c7\u0130Z\u0130ME G\u00d6RE UYARLANIP G\u00d6NDER\u0130LECEKT\u0130R<\/p>\n<p>( TEZGAH DAH\u0130LD\u0130R )<\/p>\n","protected":false},"excerpt":{"rendered":"<p><img loading=\"lazy\" decoding=\"async\" class=\"alignnone size-medium wp-image-8282\" src=\"https:\/\/visasconcept.com\/wp-content\/uploads\/2022\/09\/11-12-AYNUR-300x169.jpg\" alt=\"\" width=\"300\" height=\"169\" \/><img loading=\"lazy\" decoding=\"async\" class=\"alignnone size-medium wp-image-8633\" src=\"https:\/\/visasconcept.com\/wp-content\/uploads\/2023\/04\/b6789558-8c40-4434-ac0a-8f0a6da0a587-169x300.jpg\" alt=\"\" width=\"169\" height=\"300\" \/><\/p>\n","protected":false},"featured_media":5881,"comment_status":"closed","ping_status":"closed","template":"","meta":{"site-sidebar-layout":"default","site-content-layout":"","ast-site-content-layout":"","site-content-style":"default","site-sidebar-style":"default","ast-global-header-display":"","ast-banner-title-visibility":"","ast-main-header-display":"","ast-hfb-above-header-display":"","ast-hfb-below-header-display":"","ast-hfb-mobile-header-display":"","site-post-title":"","ast-breadcrumbs-content":"","ast-featured-img":"","footer-sml-layout":"","theme-transparent-header-meta":"","adv-header-id-meta":"","stick-header-meta":"","header-above-stick-meta":"","header-main-stick-meta":"","header-below-stick-meta":"","astra-migrate-meta-layouts":""},"product_cat":[24],"product_tag":[],"class_list":["post-5856","product","type-product","status-publish","has-post-thumbnail","hentry","product_cat-mutfak","desktop-align-center","tablet-align-center","mobile-align-center"],"_links":{"self":[{"href":"https:\/\/store.visasconcept.com\/index.php\/wp-json\/wp\/v2\/product\/5856","targetHints":{"allow":["GET"]}}],"collection":[{"href":"https:\/\/store.visasconcept.com\/index.php\/wp-json\/wp\/v2\/product"}],"about":[{"href":"https:\/\/store.visasconcept.com\/index.php\/wp-json\/wp\/v2\/types\/product"}],"replies":[{"embeddable":true,"href":"https:\/\/store.visasconcept.com\/index.php\/wp-json\/wp\/v2\/comments?post=5856"}],"wp:featuredmedia":[{"embeddable":true,"href":"https:\/\/store.visasconcept.com\/index.php\/wp-json\/wp\/v2\/media\/5881"}],"wp:attachment":[{"href":"https:\/\/store.visasconcept.com\/index.php\/wp-json\/wp\/v2\/media?parent=5856"}],"wp:term":[{"taxonomy":"product_cat","embeddable":true,"href":"https:\/\/store.visasconcept.com\/index.php\/wp-json\/wp\/v2\/product_cat?post=5856"},{"taxonomy":"product_tag","embeddable":true,"href":"https:\/\/store.visasconcept.com\/index.php\/wp-json\/wp\/v2\/product_tag?post=5856"}],"curies":[{"name":"wp","href":"https:\/\/api.w.org\/{rel}","templated":true}]}}